 x**3 + x**2 - 4. Let f be r(2). What is the greatest common factor of f and t?
8
Suppose -41*w + 188 = -2518. Calculate the greatest common divisor of w and 72.
6
Suppose -3*y = 2*l + 6, -2*l - 10 = -3*y - 4. Let c(g) = -g + 4. Let f be c(0). Suppose y = -h - f*h + 30. Calculate the greatest common divisor of h and 60.
6
Let z = 7 - -146. Suppose -z = -4*a - 53. What is the greatest common divisor of a and 5?
5
Suppose 30 = -4*g - 38. Let s(i) = i**2 + 16*i - 2. Let x be s(g). Calculate the greatest common factor of 3 and x.
3
Suppose -5*a + 56 = -4. Let g be (48/10)/((-1)/(-90)). Suppose 4*x - 5*y - g = 0, -x + 6*y = 2*y - 108. Calculate the greatest common divisor of x and a.
12
Suppose 2*z + 2*z + 3*n = 91, 5*z - 85 = 2*n. Let i = z - 19. Suppose i*t = -t + 2. Calculate the highest common factor of t and 2.
2
Let z = -11 + 49. Suppose 58*s = 20*s + 15884. Calculate the greatest common factor of s and z.
38
Suppose 11*m - 9*m - 56 = 0. Calculate the highest common divisor of m and 182.
14
Suppose 3*i = g + 135, -126 = -3*i + 10*g - 12*g. Calculate the greatest common divisor of 341 and i.
11
Let v be -1 + 4 + 2 + -1. Let u(n) = 5*n - 160. Let z be u(36). Calculate the highest common factor of v and z.
4
Let m(p) = 18*p**2 - 1. Let x(f) = -f**3 - 6*f**2 + f + 5. Let h be x(-6). Let k be m(h). Calculate the highest common divisor of 17 and k.
17
Suppose 0 = -5*j + 3*z + 14, 5*j - z = -0*z + 18. Suppose j*b = 28 - 0. Calculate the highest common divisor of b and 21.
7
Let k = -626 - -901. What is the greatest common divisor of 100 and k?
25
Let o be 348/(-8)*(0 + -2). Calculate the greatest common factor of o and 58.
29
Let v(k) = -6*k - 190. Let m be v(-32). Calculate the greatest common divisor of m and 110.
2
Let m = -41 - -58. Suppose 5*f = -3*a + 32, 14 + 6 = 2*f + 3*a. Let i be (-114)/(-3) + f/(-1). What is the highest common factor of i and m?
17
Let m(w) = 2*w**3 + 16*w**2 + 6*w - 9. Let h be m(-6). Let p = -8 - -10. Let f be p*((-220)/8)/(-5). What is the greatest common factor of f and h?
11
Suppose 71 + 4 = 5*o. Let f be (-13)/(-62 - -10) + (-119)/(-4). What is the highest common factor of f and o?
15
Let c = 19 + -11. Let k = c - 4. Suppose -3*r = -121 + 1. What is the highest common factor of k and r?
4
Suppose -4*k - 34 = -3*q, 58*q - k + 49 = 63*q. Suppose 52 = 2*s - 28. Calculate the greatest common factor of q and s.
10
Let v(d) = d**2 + 4*d + 2. Let r be v(-5). Let p = -16 + 23. Calculate the highest common factor of r and p.
7
Let m be (2 + 139)/(10 + -9). What is the highest common divisor of m and 188?
47
Let s be (-6)/2*-4*(-3)/(-18). Suppose -2*f - s*f - 42 = -2*c, 2*f = -c + 13. What is the greatest common divisor of c and 34?
17
Suppose 28 = 6*x - 2*x + 2*o, 20 = 5*o. What is the highest common divisor of x and 65?
5
Let b = 22 - 13. Let o be (3 + 0 + -4 - -1) + 1. What is the greatest common factor of o and b?
1
Let f = -4725 + 12870. Let i be f/60 - 1/(-4). Suppose 0 = 5*p + 10, -2*s + i = -p + 34. Calculate the greatest common divisor of 75 and s.
25
Suppose -k = k + 34. Let t = 12 + k. Let f(m) = -5*m - 9. Let z be f(t). What is the highest common factor of z and 176?
16
Suppose 3*g - 39 + 18 = 0. Let t(q) = -4*q - 13. Let l be -1*12 + -5 + 5. Let m be t(l). What is the highest common factor of g and m?
7
Let p be -10*((-36)/(-8) + -5). Suppose -p*b + 21 = -34. Calculate the highest common divisor of 44 and b.
11
Let k(s) = 15*s - 10. Let g(h) = -h - 1. Suppose -6 = -3*o - 0*o. Let w(i) = o*g(i) - k(i). Let a be w(-8). What is the highest common divisor of a and 16?
16
Let w be 5/(-5)*(-41 + -8). Calculate the highest common divisor of w and 28.
7
Let h(g) = 22*g**3 - g**2 - g + 2. Let t be h(1). Calculate the highest common divisor of t and 1133.
11
Let u(w) = w**3 + 3*w**2 - 1. Let c be u(-3). Let f be (-1)/(0 + c/46). Let p be ((-10)/8)/((-1)/92). Calculate the greatest common factor of p and f.
23
Suppose 1772*w = 1778*w - 888. Suppose -4*m = 5*t - 128, -5*m - t - 83 = -264. What is the greatest common divisor of w and m?
37
Let t = 1072 + -1068. What is the highest common divisor of 36 and t?
4
Suppose 0 = 5*u - 2*y - 322, 3*u + 5*y - 187 = -0*u. Let k = -24 + 68. Let t = u - k. What is the greatest common factor of t and 4?
4
Let q be (2/5)/(2/20). Let h be (-17)/((-3 + q)*-1). What is the highest common divisor of 85 and h?
17
Let t be (-955)/(-9) + (-11)/99. Calculate the highest common divisor of t and 159.
53
Let v = 39 + -37. Let u = 78 - 35. Suppose u = v*d - 107. Calculate the greatest common divisor of d and 30.
15
Let k = 8 - -7. Let q = 126 - k. Suppose q + 81 = 2*g. What is the greatest common factor of 12 and g?
12
Let a be 6/(-9) - 28/3. Let l be ((-42)/a)/((-7)/(-455)). Suppose 0 = 2*o - 3*v - l - 18, -2*o - 5*v = -315. What is the greatest common factor of 15 and o?
15
Suppose -59028 = -57*b + 60672. What is the greatest common divisor of b and 84?
84
Let s(x) = 4*x**2 + 27*x + 308. Let u be s(-11). Calculate the greatest common divisor of 22 and u.
11
Suppose 0 = -8*q + 13*q - 10, 5*q = l + 8. What is the highest common divisor of l and 74?
2
Let k = 25 + -14. Suppose -112 = -18*q + k*q. What is the greatest common factor of q and 56?
8
Let n(l) = 3*l**2 + 10*l + 27. Let b be n(-9). Calculate the highest common divisor of b and 210.
30
Let x = 5 - 2. Suppose 0*u = x*u - 312. Let h be -3 + 0/2 - -1*16. What is the highest common factor of u and h?
13
Let c(o) = o**3 + 44*o**2 - 3*o + 178. Let l be c(-44). Calculate the greatest common divisor of l and 124.
62
Let o(p) = -p**2 - 18*p - 69. Let n be o(-6). Calculate the greatest common divisor of 18 and n.
3
Suppose 5*m - 25 = -5*n, 3*n + 2*m - 3 - 10 = 0. Suppose n*t + 1 = 7. Let r(y) = 2*y - 2. Let p be r(2). What is the greatest common divisor of p and t?
2
Suppose -770 = -5*w - 0*w. Suppose 3*f - 7*f = -8. Suppose -i = 0, -3*j + 66 = -0*i - f*i. Calculate the greatest common factor of j and w.
22
Suppose 3*a + 1958 = -2*j, 2618 = -2*a - 2*a + j. Let w(v) = 7*v + 1. Let t be w(-4). Let g be (-2)/9 + a/t. What is the greatest common divisor of 168 and g?
24
Suppose -2*j = -4*j + 62. Suppose 0 = -j*k + 27*k + 56. Calculate the highest common factor of 28 and k.
14
Suppose 2640 = 15*p - 12240. What is the highest common factor of p and 16?
16
Let r = -73 - -78. Let l = 103 - r. Calculate the greatest common divisor of 14 and l.
14
Let z(x) = -2*x**2 + 30*x - 18. Let g be z(14). Let n be (10/(-8))/((-1)/8). Calculate the highest common divisor of g and n.
10
Let p be (-172)/(-2) - (-6)/(-3). Let l(d) = d**3 + 1 + 0*d - 8*d - 4*d**2 - 4. Let m be l(6). Calculate the highest common factor of p and m.
21
Let l be -14 + -1 + 0/(-4). Let w be (-47)/(-5) - (-6)/l. Suppose x + 2*t + 3*t - 56 = 0, -x + 44 = 2*t. What is the highest common factor of x and w?
9
Suppose 8 = 4*w, 0 = -3*r - w - 4*w + 367. Calculate the highest common divisor of 7 and r.
7
Let z be 12/(-54) + (-58)/(-18). Let d = -2 - z. Let i be (-2)/d*(15 - 10). What is the greatest common divisor of i and 1?
1
Suppose 6*s + z = s + 625, 0 = 3*s + 2*z - 368. Let f be (-1)/(-1 + 120/s). What is the greatest common divisor of 105 and f?
21
Suppose -33 = 2*r + c, 0 = 4*r - 2*c + 3*c + 71. Let d = 38 + r. Calculate the highest common divisor of d and 95.
19
Let w(s) = 17*s**2 + 15*s + 28. Let d be w(-4). Calculate the highest common factor of d and 36.
12
Let c be ((-1620)/(-270))/((-86)/(-80) - 1). Calculate the highest common factor of 1360 and c.
80
Let i(s) = -12*s - 1. Let j be i(1). Let q be (j/(39/(-18)))/1. Calculate the greatest common divisor of 1 and q.
1
Suppose 3*f - 336 = f. Let p be (-48)/f + (-494)/(-14). Let k = -5 + p. What is the highest common factor of k and 15?
15
Suppose 5*w = 6 + 9. Let i(p) = 4*p + 3. Let l(z) = -4*z - 4. Let u(k) = w*l(k) + 4*i(k). Let r be u(5). What is the greatest common factor of r and 80?
20
Let m be (0 + 30/(-24))*-4*15. What is the highest common factor of 325 and m?
25
Suppose -2*d - 20*x + 86 = -21*x, 0 = 3*d - 4*x - 119. Calculate the greatest common factor of d and 45.
45
Let s be 11/(77/(-21)) + 7. What is the greatest common factor of 20 and s?
4
Let q = 0 - 0. Let a be (-56)/(-5)*(-2 + 7). Suppose -a = -m - q*m. Calculate the highest 